ime factors of q.
2
Suppose -2 = -m - 0. Let n(a) = a**3 - a**2 - 3*a + 3. Let v be n(m). Let t = 14 - v. What are the prime factors of t?
13
Suppose 5 = 3*o - 10. Suppose -5 = o*m, 2*m = -y + 2*y - 33. What are the prime factors of y?
31
Suppose 4*h + 20 = 0, z + 3*z - 3*h = 495. List the prime factors of z.
2, 3, 5
Let r(z) be the third derivative of z**5/20 + z**4/24 - 2*z**3/3 + z**2. List the prime factors of r(3).
2, 13
Let m = -55 - -38. Let v = -9 - -3. Let y = v - m. List the prime factors of y.
11
Let h = 9 + 13. Suppose -5*l - 2 + h = w, -3*l = w - 14. List the prime factors of w.
5
Let t(i) = 26*i + 1. List the prime factors of t(1).
3
Let k(n) be the second derivative of n**3/3 - n**2 - n. List the prime factors of k(3).
2
Let p(u) = 3*u. Let q(d) = -4*d - 3. Let x be q(-2). Suppose -2*j = f - 9, -f - 3 = 3*j - x*j. List the prime factors of p(f).
3
Let i(u) = -2*u**3 - 2*u**2 + u - 2. Let b(d) = d + 9. Let w be b(-7). Let y = -4 + w. What are the prime factors of i(y)?
2
Suppose -4*d = -4 - 8. Suppose c - d = 3. Suppose -p + c*p = 60. List the prime factors of p.
2, 3
Let b be 3/(-2 + 11/4). Suppose 0 = -2*o + 3*o - b. Suppose o*g - 47 = 5. List the prime factors of g.
13
Suppose 3*j = -2*n + 218 - 53, -4*j + 80 = n. Suppose 18*y - 15*y - n = 0. List the prime factors of y.
2, 7
Suppose 0*z + z - 2 = 0. Suppose 0 = -z*k - k + 51. What are the prime factors of k?
17
Suppose l - 22 = 3*w, 2*w + 59 = 2*l + l. List the prime factors of l.
19
Let t = 25 + -18. Let x = 11 - t. What are the prime factors of (-2 - x) + 3 + 16?
13
Suppose 6 = q - 3*q. List the prime factors of -2 - (q - -2) - -14.
13
Let n be -12 + 12/4 + -1. Let s = -4 - n. List the prime factors of s.
2, 3
Let l = -85 - -184. List the prime factors of l.
3, 11
Suppose -14 = -5*j - 4. Suppose -2*x = -4*z + 96, -j*z + 33 + 3 = -4*x. What are the prime factors of z?
2, 13
Let x(m) = -m - 3. Let k(n) = -n**3 - 4*n**2 - 3*n - 2. Let f be k(-2). Let j be x(f). List the prime factors of 1 + -3*j + 11.
3
Suppose -3*o + 4*b = -0*o + 8, -o = -2*b + 6. Suppose -i + 117 = -o*i. List the prime factors of (-6)/i + (-230)/(-26).
3
Suppose 24 = -5*u + 99. List the prime factors of u.
3, 5
Suppose -i + 2*f + 77 = -0*f, -i - f + 89 = 0. What are the prime factors of i?
5, 17
Let h(d) = -d**3 - 5*d**2 + 7*d + 6. Let b be h(-6). Suppose -22 = -3*v - 5*y, -13 + 5 = -3*v + 2*y. Let t = v + b. What are the prime factors of t?
2
Let x(s) = 26*s**2 + 3*s + 2. What are the prime factors of x(-1)?
5
Let s(g) = -g + 8. Let d be s(6). Suppose d*n - 5 = -3*n. Let x = 5 - n. What are the prime factors of x?
2
Suppose -3*c + 3 = -3*b + 7*b, -b = 3*c + 6. Suppose -4*l - 5*r = l - 10, 0 = -b*l + 3*r + 18. What are the prime factors of l?
2
Suppose -4*t - 2*s = 3*s - 374, 2*t + 5*s = 182. Let b = -53 + t. What are the prime factors of b?
43
List the prime factors of (-81)/(-27) + (1*-1 - -130).
2, 3, 11
Let w = 9 + -21. Let f = w + 16. List the prime factors of f.
2
Let y = -23 + 5. Let n = y - -29. What are the prime factors of n?
11
Let d = 531 - 310. List the prime factors of d.
13, 17
Let f = 1 + -1. Suppose 5*r + f*r - 50 = 0. What are the prime factors of (-2)/(-5) - (-116)/r?
2, 3
Let u(o) = 2*o - 4. Suppose 3*p = -3*q + 15, -q - 4*q = -4*p - 43. Let y be u(q). Suppose -y + 28 = 3*b. What are the prime factors of b?
2, 3
Let d = -11 + 17. Suppose 2*t - d*t = -48. What are the prime factors of t?
2, 3
Let l = 15 - 8. What are the prime factors of l?
7
Suppose 663 = 12*n + 267. What are the prime factors of n?
3, 11
Suppose 1 = 5*s - 14. Suppose 4*u + 24 = 3*z, -8*u + s*u - 45 = -5*z. What are the prime factors of z?
2, 3
Suppose -2*k = -44 + 4. List the prime factors of k.
2, 5
Let m be (-1 + (-18)/(-8))*-8. Let l = 15 + m. What are the prime factors of l?
5
Let u(y) = -y - 5. Let p(w) = -w - 6. Let r(f) = 3*p(f) - 4*u(f). List the prime factors of r(11).
13
What are the prime factors of (-1)/(1/(-63)*3)?
3, 7
Let z be 7 + 1 + -4 + 0. Suppose s + 4 = 2, -z*i + 2*s = -220. List the prime factors of i.
2, 3
Let n be -1 - (-7)/(1 + 0). Let s be n - ((-5)/(-1) - 2). Let o = -1 + s. List the prime factors of o.
2
Let z(y) = -1. Let u(t) = -5*t - 4. Let i(r) = -u(r) + 3*z(r). Let x(o) = -4*o - 2. Let l(p) = 3*i(p) + 4*x(p). What are the prime factors of l(-7)?
2
What are the prime factors of (0 - 1)*(9 + -17)?
2
Let z(m) = m**2 + 2*m + 2. Let i be z(-3). Suppose 11 = i*l - 2*y, l + 2*y + 2 - 9 = 0. List the prime factors of l.
3
Suppose 0*d = -d + 3. Suppose -2*r - r + 1 = 4*k, -4*r + 18 = -d*k. Suppose 5 = r*t - 10. List the prime factors of t.
5
Suppose k = -t - 0*t + 4, -t - 2*k = -5. Suppose -27 = -t*j + 5*c - 2*c, j + 4*c = -16. What are the prime factors of (-46)/(-14) + j/(-14)?
3
What are the prime factors of (-116)/(-16)*-6*(-32)/6?
2, 29
Suppose 2*s - 12 = 10. Suppose 5*i + s - 66 = 0. List the prime factors of i.
11
Let n(l) = l**2 - 8*l + 9. Let o be n(7). Suppose 3*m = -5*k + 94, 0*m + o*m - 51 = -k. Suppose 0 = 5*g - 103 + m. What are the prime factors of g?
2
Let a = 26 - 7. List the prime factors of a.
19
What are the prime factors of 1397/7 + 36/84?
2, 5
Let w(o) = 0*o - 3*o - 6*o + o - 9 - o**2. What are the prime factors of w(-6)?
3
Let x(l) = -l**2 - 6*l + 7. Let z be x(-5). Let g = 22 - z. List the prime factors of g.
2, 5
Let c(h) = h**2 - h + 5 + 0*h - 5 + 3. List the prime factors of c(-3).
3, 5
Let n be 6/(-4)*(-7 - -3). Suppose -3*c = -n*c + 6. Suppose -c*x + 10 = 3*x. List the prime factors of x.
2
Suppose 2*x = 4*n + 230, -2*n + 0 - 2 = 0. List the prime factors of x.
113
Suppose d = -3*d + 8. Let f(k) = 2*k + 2. What are the prime factors of f(d)?
2, 3
Let r(a) = -3*a**2 + a**2 - 19*a**3 + a**2. Let d be r(-1). Suppose 0 = 4*c - d - 2. What are the prime factors of c?
5
Let f(s) = s**3 - 2*s**2 - s - 2. Suppose 21 = -4*l + 65. Let c be l/3 + 8/(-12). List the prime factors of f(c).
2
Let h be (-35)/(-10)*4/7. Let i(v) = 5*v**3 - 3*v**2 + 2*v - 3. What are the prime factors of i(h)?
29
Let v = 134 - -14. What are the prime factors of v?
2, 37
Let r(k) = k**2 - 1. What are the prime factors of r(-4)?
3, 5
Let m be 35 + (8/(-2) - 0). Let h = 43 - m. List the prime factors of h.
2, 3
Let q be (-9)/(-4) - (-11)/(-44). Suppose -b - q*h + 8 = 0, 3*h - 8*h - 40 = -5*b. What are the prime factors of b?
2
Let x = -4 + 64. Let k = x + -6. What are the prime factors of k?
2, 3
Let t be 21/(-5) + 1/5. Let m(g) = -3*g - 2. List the prime factors of m(t).
2, 5
Let o = 328 + -138. What are the prime factors of o?
2, 5, 19
Suppose 33 = -10*z + 11*z. List the prime factors of z.
3, 11
Let m(u) = 3*u - 9. Suppose 4*t - 277 = 179. Let h be t/15 + 6/15. What are the prime factors of m(h)?
3, 5
Let c = -8 + 11. Suppose c + 62 = 5*z. List the prime factors of z.
13
Let c(l) = l**3 - 6*l**2 + 5*l - 1. Let n be c(5). Suppose -2 = -4*g + 2*t - t, -t = 2. List the prime factors of n/(g - 2/8).
2
Let q(f) = f**3 - 3*f**2 + 1. Let d be q(3). Let y be (d - (-1 - 0)) + 0. Suppose -c - y*c = -27. What are the prime factors of c?
3
Let l = -5 - -9. List the prime factors of (9 - l) + -1 + -1.
3
Suppose 3*c + 15 = 0, -2*f + 5*c + 1429 = 2*f. What are the prime factors of f?
3, 13
Suppose -3*m + 149 = -6*r + 2*r, -4*m + 5*r = -197. List the prime factors of m.
43
Let u = 22 + 175. What are the prime factors of u?
197
Let m(b) = b**2 - 6*b - 11. Let d(j) be the first derivative of -j**4/4 - 4*j**3/3 + 2*j**2 + 4*j + 3. Let x be d(-5). List the prime factors of m(x).
2
Let w be (0/((-2)/(-2)))/(-1). Suppose w = -3*n - n - 8. List the prime factors of 1 + n/((-6)/45).
2
Let b(p) = -10*p - 25. List the prime factors of b(-17).
5, 29
List the prime factors of (-2)/(2*-1) + -18 + 175.
2, 79
Suppose -2*b = b. Suppose -2*z - z + 15 = b. Suppose -10 = -z*c, -l + 3*c - 5*c = -14. What are the prime factors of l?
2, 5
Suppose 3*d - 4*d = -r - 227, d - 227 = -3*r. List the prime factors of d.
227
Let o be 1/(((-4)/(-6))/2). Suppose -s + 80 = o*s. List the prime factors of s.
2, 5
Suppose -j - 5*i = -20, j + i = -9 + 33. Suppose 0 = -4*l + j + 23. What are the prime factors of l?
2, 3
Let h = 5 + 0. Suppose -2*q = -h*q + 18. What are the prime factors of q?
2, 3
Suppose 267 = 4*g - g - 3*f, f + 180 = 2*g. Let h = -59 